). Let f(o) = -o**2 + 8*o - 11. Determine f(m).
-20
Let j(p) = -8*p - 176. Let w(l) = -3*l**2 + 18*l - 45. Let n be w(2). Give j(n).
-8
Let b(n) = 4*n - 2. Let j(l) = 4*l - 1. Let t(v) = 2*b(v) - 3*j(v). Let r = -251 - -262. Suppose -k = -2*z + 8, -r*z - 5 = -14*z - 2*k. Calculate t(z).
-13
Let i(u) = -63*u + 68. Let p(z) = 93*z - 70. Let h(w) = -3*i(w) - 2*p(w). Calculate h(25).
11
Let x(t) be the third derivative of -7*t**5/60 - 5*t**4/12 - 3*t**3/2 - 505*t**2 + t. Determine x(-1).
-6
Let m be 1*(12 - 20/5). Let k(i) be the second derivative of -4*i + 0 - 3/2*i**2 - 1/12*i**4 + 4/3*i**3. Give k(m).
-3
Let x(i) = -i**2 - 8*i - 1. Suppose -3*o - u + 99 = 0, -15*o - 3*u + 59 = -13*o. Let j be (o - 50)*(-2)/(-4). Determine x(j).
-1
Let i be (0 + (-4)/(-7))/(76/266). Suppose -5*z = -i*z - 21. Let g(x) = x - 9. Determine g(z).
-2
Let d be -15*((-12)/(-45))/((-24)/18). Let t(u) = -u**3 + 6*u**2 - 4*u - 9. Determine t(d).
6
Let y(q) be the first derivative of 25*q**3/3 + 2*q**2 + 4*q + 425. What is y(-1)?
25
Let j(f) be the second derivative of -f**3/2 + 3*f**2 + f. Let s = 6414 - 6420. Determine j(s).
24
Let j be (-7 - -4)/(6/(-2)). Let i(u) = 6*u + 1. Let b(n) = n - 1. Let k(a) = -3*b(a) - i(a). Let h be k(j). Let t(r) = -r - 8. What is t(h)?
-1
Suppose 8 = -4*x - 2*g, -g - 4*g + 28 = -2*x. Let u(h) = 5*h**3 - 9*h**2 - 11*h - 3. Let q(v) = -v**3 + v**2 + v + 1. Let j(w) = x*q(w) - u(w). Determine j(5).
34
Let a(q) = -q**3 - 11*q**2 + 22*q - 36. Let b(g) = 5*g**3 + 46*g**2 - 91*g + 144. Let y(v) = 9*a(v) + 2*b(v). Give y(5).
-6
Let d(g) = -g**2 - 8*g + 8. Let r(x) = 3*x**3 - 45*x**2 + x - 24. Let y = 247 - 232. Let o be r(y). Calculate d(o).
-1
Suppose m - 4*m - 3*r = 33, 0 = 3*m + 5*r + 39. Let a be ((-20)/8)/5 + (-2)/(-4). Let z(w) = 6*w - 7*w + a*w - 5. What is z(m)?
3
Let o(s) = 4*s - 11. Let g(h) = -15*h + 177. Let r(l) = l - 11. Let a(c) = -2*g(c) - 33*r(c). Let y(j) = -5*a(j) - 4*o(j). Give y(-2).
1
Let n(f) be the third derivative of -7/24*f**4 + 0 + 0*f - 1/60*f**5 - 4*f**2 - 2*f**3. Let x be n(-6). Let j(b) = b + 7. Determine j(x).
1
Let g = -25 - -26. Let w(x) = x**2. Let b(c) = 2*c**2 + 12*c + 14. Let z(o) = g*w(o) - b(o). Calculate z(-10).
6
Let u(l) = l**2 - 9*l + 23. Let y(w) = w**3 - 9*w**2 - 23*w + 135. Let d be y(10). Determine u(d).
3
Let u(x) = -5*x - 5. Let h(l) be the first derivative of 2*l**3/3 + l**2 + 268. Let n be h(-2). Determine u(n).
-25
Let y(z) be the third derivative of z**6/120 - 2*z**5/15 + 5*z**4/12 - 7*z**3/6 - 1000*z**2. Give y(8).
73
Let h(f) = -2*f + 8*f - 3 - 5*f**2 + 2 + f**3. Let i be (-6)/68*112/(-84) + 132/34. Determine h(i).
7
Let o = 482 + -476. Let w(k) = k + 7*k - 6 - o*k + 4. Give w(-5).
-12
Let s(c) be the first derivative of -c**3 + 8*c**2 + 18*c + 6851. What is s(7)?
-17
Let n(s) = 3*s. Let t(b) = -38*b - 13. Let l(y) = 26*y + 9. Let a(r) = -7*l(r) - 5*t(r). Let m(d) = -a(d) + 4*n(d). Give m(0).
-2
Suppose -24 = -p - 16. Let q(v) = v**3 - 10*v**2 + 10*v - 7. Let k be q(9). Let i(c) = 0 + 5 + 3*c - p*c - c**k + 2. Give i(-5).
7
Suppose -4 = 4*z + 28. Let a(w) be the second derivative of -w**5/20 - 2*w**4/3 - w**3/2 + 11*w**2/2 + 5078*w. Calculate a(z).
35
Let m(n) = -n**2 - 5*n + 4. Let l be m(-6). Let j be 9/4*20/15 + 0. Let u(r) = 2 + 0 + 9*r - 5*r + 2*r + j*r. Determine u(l).
-16
Suppose 26*r - 221 = 9*r. Let w(b) = -b**2 + 13*b + 3. Give w(r).
3
Let u(r) = 2*r**2 + r - 1. Let s(z) = 13*z**2 + 5*z - 11. Let t(a) = s(a) - 5*u(a). Determine t(2).
6
Let x(j) be the first derivative of -5*j**2/2 + 7*j - 23. Let c be x(6). Let a = 26 + c. Let p(b) = 2*b**2. Determine p(a).
18
Let n(v) = -v**3 + 5*v**2 - 6*v + 6. Let p be n(4). Let q(s) be the second derivative of s**5/10 + s**4/6 - s**3/6 + s**2 - 3*s + 97. Determine q(p).
-4
Suppose -18*k + 32*k + 98 = 0. Let r be (1 - 2)/(174/24 + k). Let w(m) = -4*m - 3. Calculate w(r).
13
Let q = -1019 - -1021. Let u(m) = -8*m**2 - 11*m + 15. Let y(n) = -8*n**2 - 9*n + 12. Let r(w) = -3*u(w) + 4*y(w). Calculate r(q).
-35
Let d(f) = -f**2 - 2*f. Let x(y) be the second derivative of 4*y**3/3 - 41*y**2/2 - 89*y. Let n be x(5). Give d(n).
1
Let d(h) = -h**3 - h**2 + 4*h - 1. Let j be d(-3). Let v(z) = 7 + 20 - 29 + 18 + 12 - 23*z. Let w(r) = -7*r + 9. Let s(o) = -2*v(o) + 7*w(o). Determine s(j).
-8
Let x(n) = 241*n**2 - 232*n**2 - 16*n + n**3 + 13*n - 22. Determine x(-9).
5
Let t(p) = -p**3 + 6*p**2 - 3*p + 3. Let l(i) = 7*i**2 - 5*i - 14. Let o be l(-2). Suppose -4*r = b - o, -9*b - 6 = -r - 4*b. Give t(r).
-15
Let r(o) be the first derivative of o**2 - o - 8/3*o**3 + 74. What is r(1)?
-7
Let n = -376 - -381. Suppose -2*t + 2*c - 3 = c, 0 = -n*t - 2*c - 12. Let a(p) = -p**2 - p. Determine a(t).
-2
Let v(d) = -29 + 62 - 6*d - 39. Give v(8).
-54
Let v = 17 - 15. Let j(c) = 5*c**2 - 6*c**v - 8*c + 8 + 2*c**2. Let h = 88 + -81. What is j(h)?
1
Let y(p) = 11*p + p**3 - 4*p - 2*p**3 - 11 - 7*p**2. Suppose 0 = 4*d + u - 64, -4*d + 34 = 4*u - 18. Suppose 0 = 10*v - d*v - 56. Determine y(v).
-3
Suppose 0 = -4*b - 1 - 15. Let u(v) = -v**3 - 5*v**2 - 4*v + 5. Let p(s) = -9 - 21*s - 2*s**3 - 10*s**2 + 20 + 12*s. Let o(w) = 2*p(w) - 5*u(w). Give o(b).
5
Suppose c + 3*j = -5, -2*c - 7*j = -5*j - 6. Suppose -k + 24 = -5*h, -3*h - 23 = k - c. Let i(b) = -14*b**2 + 2*b + 2. What is i(k)?
-14
Let d be (-70)/(-6) - (-28)/21. Let k(l) = d - l + 8*l + l**2 - 4*l - 4*l. Give k(0).
13
Let k(t) = 7 + t**2 + 9*t + 0*t**2 - 4*t. Let h be (4 + (-18)/4)*(23 - 10 - 3). Give k(h).
7
Let r be (2/3*-1)/(42/(-693)). Let m(d) = 6*d**3 + 0*d + 3*d**3 - r*d**3 + d - 4*d**2. Calculate m(-3).
15
Let z(x) = -2 - 196*x + x**2 - 190*x + 380*x - 2. Let t be (-3)/(-15)*0 - 2. Let j be t/(-4) + 22/4. What is z(j)?
-4
Let k(w) = -5*w**3 - 5*w**2 - 7*w - 6. Let i(y) = -7 + 2*y**2 - 7*y**3 + 7*y**2 - 8*y - 19*y**2 + 5*y**2. Let x(a) = -3*i(a) + 4*k(a). What is x(5)?
-23
Let s(v) = 203*v**3 + 190*v**3 + 25*v - 592*v**3 - 11 - 27*v**2 + 200*v**3. Determine s(26).
-37
Let d(o) be the first derivative of o**4/12 - 2*o**3 + 6*o**2 - 55*o + 59. Let g(u) be the first derivative of d(u). Give g(11).
1
Let u be (-2 + 4)*(11/2 + -1). Let n(r) = 4 + r + 11*r - 13*r + u*r. Calculate n(-2).
-12
Let q(g) = 9*g**2 + 3*g - 14. Let p(h) = 20*h**2 + 6*h - 29. Let m(r) = 4*p(r) - 9*q(r). Determine m(-5).
0
Let u(y) = -17*y + 62875*y**2 + 12 + 7 - 62879*y**2 - 4. Calculate u(-8).
-105
Let c = 767 + -773. Let m(s) = -14*s + 146. Let x(d) = 5*d - 51. Let o(r) = c*m(r) - 17*x(r). Determine o(-9).
0
Let u(s) = -s**2 + s + 5. Let h(m) = -6*m**2 - 27*m + 98. Let k(z) = h(z) - 5*u(z). Determine k(-34).
5
Let f(u) be the third derivative of 0 + 0*u + 1/120*u**6 + 1/24*u**4 + 0*u**3 + 1/20*u**5 + 103*u**2. What is f(-2)?
2
Suppose -47*p = -121 - 80 + 60. Let l(u) be the second derivative of -p*u**2 + 1/3*u**4 + 1/20*u**5 + 28*u - 1/2*u**3 + 0. What is l(-5)?
-16
Suppose -110 = -5*a + 40. Suppose -3*y + 30 = 4*x - 5*x, 2*y - 4*x - a = 0. Let i(d) = 0*d - 3*d - 9 - y + 11. Calculate i(-5).
8
Let u(r) = 11*r**2 + 84*r + 109. Let o be u(-6). Let l(s) = -114*s**2 + 2*s - 1. What is l(o)?
-113
Let n(s) = 7*s**2 - 12*s - 2. Let p(q) = q**2 - q + 1. Let m(u) = n(u) - 6*p(u). Suppose 4*d - 50 = -5*w, -3*w = -3*d - 2 - 1. What is m(w)?
-8
Let f(t) = -t**3 - 12*t**2 + 14*t + 11. Let d be (-24*(-2)/20)/((-8)/620). Let n be d/14 + ((-10)/(-7))/5. Calculate f(n).
-2
Let u = -7601 + 7606. Let t(c) = -c**3 + 7*c**2 - 10*c - 12. Give t(u).
-12
Let s(h) = 50*h - 12. Let w(a) = -7*a + 8. Let t(r) = -s(r) - 3*w(r). Calculate t(-1).
17
Suppose 6 = -3*c, 8*k + c = 6*k + 50. Let s(z) = -z**3 + 124 + 5*z - 31*z**2 + 11*z - 114 + k*z**2. Give s(-7).
-4
Let s(f) be the second derivative of -4*f**3/3 + 25*f**2/2 - 3479*f. Determine s(4).
-7
Let w(h) = -4*h**2 - 24*h - 39. Let l(a) = -3*a**2 - 21*a - 45. Let s(z) = -5*l(z) + 4*w(z). Calculate s(16).
-43
Suppose -4*f + 31 + 217 = 0. Suppose 0 = 2*i - f + 66. Let g(u) = u. Let v(a) = 2*a - 1. Let z(c) = -3*g(c) + v(c). Give z(i).
1
Let v(s) = 6*s - 12. Suppose 120*t - 935 = -215. Determine v(t).
24
Let v(b) = b**3 + 6*b**2 + 7. Let a be v(-6). Suppose -7*o - 675 = -682. Let q(d) = -6*d + 8*d - o + 0*d - a*d. Give q(-2).
9
Let s(k) = -27*k**2 + 40*k + 29. Let g(u) = 19*u**2 - 27*u - 20. Let b(y) = 10*g(y) + 7*s(y).